in base 15?
-7ae
219 (base 16) to base 15
25c
What is 1010012 (base 3) in base 15?
395
-81 (base 16) to base 15
-89
What is 650 (base 12) in base 5?
12144
Convert -433 (base 7) to base 13.
-13c
Convert 6226 (base 15) to base 7.
114312
What is 4075 (base 9) in base 5?
43414
What is 26314 (base 7) in base 6?
52254
-2255 (base 12) to base 2
-111011100001
Convert 209 (base 11) to base 13.
164
What is -487 (base 12) in base 13?
-403
13624 (base 7) to base 11
28a2
Convert -118301 (base 9) to base 8.
-214006
Convert -8143 (base 9) to base 4.
-1131000
-744 (base 9) to base 10
-607
Convert b962 (base 12) to base 11.
14346
Convert -2886 (base 11) to base 14.
-1500
Convert -30ed (base 15) to base 6.
-115524
-60218 (base 9) to base 11
-27790
10101010100 (base 2) to base 16
554
Convert 68b (base 16) to base 4.
122023
What is -2c8 (base 14) in base 13?
-349
What is 567 (base 10) in base 13?
348
43 (base 11) to base 7
65
What is 2751 (base 9) in base 8?
4027
Convert -22336 (base 8) to base 5.
-300223
What is 36 (base 7) in base 2?
11011
Convert 6b9 (base 12) to base 10.
1005
What is -302313 (base 4) in base 12?
-1a73
What is -36391 (base 11) in base 14?
-1512c
-411 (base 15) to base 6
-4124
Convert -3010212 (base 4) to base 3.
-122021000
What is 8058 (base 9) in base 14?
2205
What is -10111001111100 (base 2) in base 11?
-8a39
Convert -112011 (base 3) to base 14.
-1d4
What is 1564 (base 13) in base 3?
11021201
-481a (base 12) to base 4
-1332112
Convert b00d (base 15) to base 14.
d76a
Convert -62 (base 7) to base 13.
-35
What is 15c28 (base 13) in base 4?
22022020
What is 237 (base 15) in base 8?
766
-3514 (base 8) to base 10
-1868
Convert -2105 (base 7) to base 13.
-44c
dd (base 14) to base 4
3003
Convert b7 (base 15) to base 7.
334
Convert -132223 (base 4) to base 6.
-13031
1006 (base 7) to base 9
427
Convert 110101001110 (base 2) to base 10.
3406
-21010 (base 6) to base 8
-5376
-2001022 (base 4) to base 8
-20112
Convert -14160 (base 9) to base 7.
-40011
-165 (base 11) to base 15
-cc
What is -20d0 (base 14) in base 16?
-1626
What is 8017 (base 10) in base 6?
101041
21211012 (base 3) to base 14
2114
Convert 19 (base 10) to base 11.
18
Convert -479 (base 15) to base 8.
-1766
-220020 (base 3) to base 13
-3b4
5df0 (base 16) to base 5
1232143
10100100100 (base 2) to base 7
3560
What is -9a (base 16) in base 8?
-232
What is 2016 (base 10) in base 5?
31031
What is 1132301 (base 4) in base 15?
1be5
What is -8748 (base 15) in base 13?
-10064
What is -4eb8 (base 16) in base 15?
-5e87
What is -425205 (base 6) in base 5?
-2103403
-110010001110100 (base 2) to base 6
-315020
Convert -1326 (base 8) to base 7.
-2055
What is 184 (base 13) in base 6?
1141
4393 (base 12) to base 2
1110100011111
-2098b (base 12) to base 8
-123573
Convert 1341010 (base 5) to base 12.
13ba6
1026 (base 8) to base 16
216
What is 1a45 (base 11) in base 9?
3487
-31397 (base 11) to base 2
-1011001010011011
Convert 13101 (base 4) to base 2.
111010001
What is 9c3 (base 15) in base 16?
8a0
What is -117 (base 9) in base 14?
-6d
What is -1301 (base 10) in base 6?
-10005
What is -5200 (base 13) in base 16?
-2c3b
Convert -11001 (base 4) to base 16.
-141
2265 (base 7) to base 14
435
Convert 7b3 (base 15) to base 7.
5040
Convert -110 (base 6) to base 3.
-1120
-446 (base 15) to base 11
-7a9
Convert -4056 (base 8) to base 4.
-200232
Convert -2252 (base 7) to base 16.
-335
1193 (base 12) to base 16
7bf
20bd4 (base 14) to base 8
232506
-20ac (base 14) to base 2
-1011000001000
-1100001 (base 3) to base 15
-44d
What is -10334 (base 6) in base 3?
-1221211
740a (base 16) to base 4
13100022
What is 35432 (base 9) in base 15?
703b
-48 (base 11) to base 3
-1221
428b (base 14) to base 4
2303203
31077 (base 9) to base 11
14430
Convert 83 (base 15) to base 12.
a3
Convert 479 (base 16) to base 8.
2171
-106 (base 14) to base 2
-11001010
What is 462a (base 16) in base 4?
10120222
What is -22473 (base 8) in base 10?
-9531
1120 (base 16) to base 14
1852
Convert -344 (base 7) to base 11.
-153
311 (base 7) to base 13
bc
What is 1102 (base 8) in base 15?
288
What is -105 (base 8) in base 5?
-234
What is -b1 (base 12) in base 4?
-2011
What is -122221 (base 4) in base 16?
-6a9
Convert 10730 (base 8) to base 6.
33052
What is -ad3a (base 14) in base 2?
-111010101011000
What is 304 (base 9) in base 5?
1442
What is -14003 (base 6) in base 2?
-100001110011
Convert -223100 (base 4) to base 13.
-134c
Convert 1c9 (base 15) to base 9.
510
-10011001101 (base 2) to base 11
-a18
What is -45125 (base 7) in base 12?
-670b
Convert -124445 (base 6) to base 3.
-120122102
Convert -38 (base 11) to base 2.
-101001
10142 (base 5) to base 12
480
-3320 (base 4) to base 11
-206
-17523 (base 8) to base 15
-2599
What is -598a (base 15) in base 3?
-222002211
408 (base 9) to base 6
1312
What is -511534 (base 6) in base 8?
-117222
Convert -432141 (base 6) to base 13.
-131c8
-30103211 (base 4) to base 5
-3103110
What is 22313222 (base 4) in base 6?
542042
-25d8 (base 15) to base 11
-6084
What is 409 (base 15) in base 10?
909
Convert -132442 (base 5) to base 16.
-14fc
30124 (base 5) to base 10
1914
What is -19149 (base 10) in base 16?
-4acd
What is -1552 (base 12) in base 7?
-10214
What is 1a21 (base 11) in base 7?
10322
Convert -3073 (base 13) to base 11.
-5028
Convert 11ad1 (base 14) to base 10.
43303
What is -328 (base 12) in base 5?
-3324
-87 (base 11) to base 4
-1133
-24995 (base 12) to base 3
-2112022012
Convert -125 (base 6) to base 4.
-311
What is 10022010 (base 3) in base 2?
100101100110
What is -64da (base 15) in base 13?
-9949
Convert 501 (base 9) to base 13.
253
-2033 (base 6) to base 12
-319
Convert -1010010000 (base 2) to base 7.
-1625
6b14 (base 12) to base 10
11968
-232 (base 6) to base 12
-78
Convert -3618 (base 9) to base 8.
-5202
-10201 (base 4) to base 14
-169
Convert -1a1a8 (base 13) to base 4.
-30122112
222 (base 13) to base 12
266
Convert 11230 (base 4) to base 8.
554
Convert 4344 (base 15) to base 9.
21471
e4 (base 15) to base 7
424
-1847 (base 9) to base 7
-4066
What is -48632 (base 9) in base 10?
-32591
Convert -a36c (base 13) to base 4.
-11200213
Convert -49a6 (base 12) to base 13.
-3a41
What is 13 (base 16) in base 13?
16
Convert 31130 (base 6) to base 14.
1730
2c7 (base 13) to base 3
200120
What is -2021 (base 6) in base 7?
-1204
15575 (base 9) to base 14
3c6b
What is -4021 (base 5) in base 10?
-511
-123243 (base 5) to base 6
-34155
What is -11174 (base 8) in base 3?
-20111021
-201 (base 11) to base 7
-465
Convert -14633 (base 8) to base 3.
-22222210
Convert 2525c (base 13) to base 15.
15482
-7688 (base 13) to base 16
-4079
-104441 (base 6) to base 9
-13067
562 (base 7) to base 15
144
What is -12853 (base 11) in base 6?
-220505
-23041 (base 8) to base 14
-37b3
What is 21002 (base 4) in base 10?
578
Convert 485 (base 13) to base 5.
11120
What is -584 (base 11) in base 4?
-22321
What is -2021010 (base 3) in base 12?
-b56
Convert -3054 (base 7) to base 11.
-891
Convert -233711 (base 8) to base 16.
-137c9
Convert 2150 (base 7) to base 2.
1100000010
What is 55b0 (base 15) in base 3?
220220210
-cc7 (base 14) to base 4
-213133
674 (base 14) to base 7
3504
-191 (base 12) to base 11
-210
Convert -158 (base 11) to base 6.
-504
39a3 (base 11) to base 15
1815
1262 (base 7) to base 13
2b4
What is 24634 (base 8) in base 16?
299c
What is 1225 (base 6) in base 9?
368
Convert 3002130 (base 4) to base 15.
3a49
What is -2a3 (base 14) in base 2?
-1000010111
Convert 7564 (base 9) to base 16.
15be
Convert 1000111011101100 (base 2) to base 4.
20323230
-1151440 (base 6) to base 16
-ef70
What is 120200222 (base 3) in base 16?
2cb7
What is -201 (base 7) in base 12?
-83
What is -343c (base 15) in base 8?
-25512
What is 4042 (base 6) in base 12?
622
120012220 (base 3) to base 4
2231112
5677 (base 8) to base 15
d57
Convert -167 (base 11) to base 12.
-142
456b (base 15) to base 9
22172
5236 (base 8) to base 14
dc2
What is 121131 (base 4) in base 6?
11313
Convert -13850 (base 12) to base 9.
-41186
Convert -10101 (base 4) to base 7.
-540
What is 54465 (base 9) in base 15?
aa6e
-538 (base 9) to base 12
-308
Convert 3101 (base 6) to base 15.
30a
Convert -341033 (base 5) to base 4.
-2323302
Convert -35064 (base 8) to base 4.
-3220310
Convert 3614 (base 8) to base 1